Let d(p) = u*k(p) + w(p). What is d(3)?
3
Let r(s) = 757*s + 2 - 380*s - 379*s + s**3 - 3*s**2. Let i(m) = -2*m - 2*m - m**2 - 4*m - 9. Let l be i(-6). Determine r(l).
-4
Let f(m) = -3*m**3 - 2*m**2 + m + 3. Let b be f(2). Let j = b + 33. Suppose -j*a + 2*a = -12. Let u(y) = -y**2. Give u(a).
-9
Let k(r) = -2*r**2 - 32*r - 4. Let h be k(-16). Let i be (h + 1)/((-3)/3). Let g(j) = j**3 - 3*j**2 + j - 2. Determine g(i).
1
Let q(u) = -25*u**2 - 9 + 7 + u**3 + 21*u**2. Give q(4).
-2
Let h = 6 + -4. Suppose 0 = -5*f + 5*r - 10*r + 10, h*r + 6 = 3*f. Suppose -d + q = 5*q - 20, f*q - 12 = -d. Let i(s) = -s**2 + 5*s. Calculate i(d).
4
Let a(s) = -s**2 - 3*s + 5. Suppose 0*o + 3*o - 3*y = -27, 5*y = -o + 21. Let n be a(o). Let m(d) = -13*d**3 - 2*d**2 + d. Give m(n).
-14
Let v(d) = 760 - 2*d + 3*d**3 + 3*d - 385 - 376. Calculate v(1).
3
Let x(a) = 2*a**2 + a - 1. Let d be x(-2). Suppose -19*z + 5 = -14*z. Let i(m) = -17*m + 36*m - z - 20*m - 1. Determine i(d).
-7
Let i(w) = -5*w**3 - 13*w**2 + 13*w - 8. Let p(t) = -3*t**3 - 13*t**2 + 13*t - 9. Let s(h) = -2*i(h) + 3*p(h). What is s(12)?
1
Let i(o) be the third derivative of o**6/720 + o**5/30 + 5*o**4/3 - 38*o**2. Let z(c) be the second derivative of i(c). Calculate z(0).
4
Let u(o) = -2*o + 17. Let g(v) = -19*v**2 - 73*v + 18. Let m be g(-4). What is u(m)?
5
Let s(p) be the third derivative of -p**5/120 + 4*p**3/3 + p**2. Let c(j) be the first derivative of s(j). Give c(-1).
1
Let q(f) = 21*f**2 - 4*f + 11. Let b(r) = 10*r**2 - 2*r + 5. Let g(j) = -13*b(j) + 6*q(j). Suppose -8*a + 1 - 9 = 0. What is g(a)?
-5
Let g = 134 + -130. Let v(k) = 3 - 3 + 2*k + 2 + 5. Let m(j) = 3*j + 8. Let s(r) = g*m(r) - 5*v(r). Determine s(3).
3
Let r = 131 + -134. Let c(y) = 1 + 2*y - 1 - 2*y**2 - 5*y. Calculate c(r).
-9
Let j(x) = -2*x + 30. Let f be j(12). Let o(c) = 0*c - 9 + 5 - f*c + 4*c. Give o(-3).
2
Let c(i) = 8*i**3 - i**2 - i - 1. Let j(x) = -4*x - 20 - 2*x + 49. Let s be j(5). Give c(s).
-9
Let i(l) = -11*l**2 - 8*l - 26. Let p(b) = -2*b**2 + b - 3. Let o(g) = -i(g) + 6*p(g). Give o(15).
-7
Let x(w) = w + 9. Let k be x(-6). Let u(r) = -r**3 + 3*r**2 + 3*r - 2. Calculate u(k).
7
Let y(i) = 5*i - 102 - 3*i + 216 - 112. Suppose 4*w - 17 - 11 = 0. Determine y(w).
16
Let l(x) = -x + 2. Let h be (-13)/11 - (-14)/77. Let m be (-2 - 1) + 1/h. Give l(m).
6
Let j = 41 - 25. Let h = j + -22. Let s(t) = -t**2 - 6*t - 5. Calculate s(h).
-5
Let l = 17 + -43. Let w = l - -31. Let a(c) = c**3 - 5*c**2 + 4. Determine a(w).
4
Let v(m) = -4*m - 22. Let a be v(-6). Let o be (-2)/a - (-5 + 30/6). Let u(x) = -9*x**3 - x**2 - 2*x - 1. Determine u(o).
9
Let p(i) = 1 + 53*i**3 + 2 + 3 - i**2 - 6*i**2 - 54*i**3 - 5*i. Let f = 9 + -13. Let a = f - 2. What is p(a)?
0
Let q(h) be the first derivative of -h**3/3 - 3*h**2 - h - 184. Calculate q(-6).
-1
Let q(o) = 4 - 4 - o - 9*o**3. Suppose -109*i + 39 = -63 - 7. Determine q(i).
-10
Let h(o) = -o**2 - 8*o - 4. Let f(y) = y**3 + 5*y**2 - 9*y - 3. Let q be f(-6). Suppose -67*s = -61*s + 108. Let w = s + q. Determine h(w).
11
Let f(z) = 109*z + 2 - 57*z - 51*z. Let k(v) = v**2 + v + 4. Let c(q) = 2*q**2 + q + 8. Let d(n) = 6*c(n) - 13*k(n). Let h be d(-7). Give f(h).
-2
Suppose -3*h + 10 = 1. Let s(o) = 4 + 0*o**2 + 71*o**h + 2*o + 3*o**2 - 70*o**3 + o**2. Give s(-4).
-4
Let v(o) = -o**2 + 8*o - 2. Let x(u) = u**3 - 2*u**2 - 3*u + 3. Let b(f) = 2*f - 7. Let m be b(6). Let c = -2 + m. Let l be x(c). Determine v(l).
13
Suppose 0 = 374*g - 376*g + 6. Let c(r) be the second derivative of -g*r**2 - 1/6*r**3 - 5*r + 0. Calculate c(-5).
-1
Let v(k) = -5335*k**3 - 6*k - 8 + 5*k**2 + 2 + 5336*k**3. Give v(-6).
-6
Let l(g) be the third derivative of 2/15*g**5 - 34*g**2 - 1/120*g**6 - 1/3*g**4 + 0 + 0*g - 1/3*g**3. Calculate l(6).
22
Suppose k = 5*k - 8. Let y(h) = 18 - 6 - 9*h - 9 - 2 + 2. What is y(k)?
-15
Let m = 123 + -123. Let q(z) = -6823 + z**3 + m*z**2 + 6826 + 7*z**2 + 2*z. Give q(-6).
27
Let g be 8/(-18)*-40 + (-6)/(-27). Suppose g = 5*i - 2*i. Let h(t) = 6*t - 5. Let z(w) = -w. Let l(d) = h(d) + 5*z(d). Determine l(i).
1
Let y = 49 - 46. Let s(k) be the first derivative of -4*k**3/3 + 7*k**2/2 - 5*k + 4. Let o(z) = 3*z**2 - 6*z + 4. Let m(u) = 3*o(u) + 2*s(u). Give m(y).
-1
Let j(t) = 18*t - 13. Let k(y) = 27*y - 20. Let f(b) = -8*j(b) + 5*k(b). Let v(w) = -4*w + 2. Let o(g) = -2*f(g) + 5*v(g). Let x = 1330 - 1325. What is o(x)?
-8
Let j(y) = 35*y - 1. Let w(r) = -14*r - 113. Let x be w(-8). Give j(x).
-36
Let v(l) = l + 12. Suppose -u - 40 = 3*r + 1, 3*r + 51 = -3*u. What is v(r)?
0
Let v(i) = -2*i**2 + 25*i + 12. Let j be v(9). Let s = j + -70. Let m(z) = -6*z - 5*z + 9*z. Give m(s).
-10
Let p(s) = -2*s**2 - 7*s + 2. Let x(a) = -5*a**2 - 20*a + 4. Let b(n) = -8*p(n) + 3*x(n). Let i(t) = -2*t**3 - 4*t**2 - 4*t - 3. Let q be i(-2). Calculate b(q).
1
Let y(g) = 2 - g**3 - 111*g - 6*g**2 - 108*g + 216*g. Calculate y(-5).
-8
Let s be 370/130 + 6/39 + -1. Let y(u) = -2*u + 7. Let b(d) be the first derivative of d**2 - 8*d - 2. Let v(p) = 4*b(p) + 5*y(p). Determine v(s).
-1
Let u(v) be the first derivative of -v**2 - 3*v + 102. What is u(-10)?
17
Let o(p) = -p**3 + 5*p**2 + p + 24. Let x(h) = 2*h**3 - 11*h**2 - 2*h - 50. Let m(a) = 13*o(a) + 6*x(a). Let z be 10/15 - 4/6. Give m(z).
12
Let z(k) = -6*k**3 - 11*k + 12. Let c = 76 + -81. Let h(l) = -7*l**3 - 13*l + 13. Let j(n) = c*h(n) + 6*z(n). Determine j(0).
7
Suppose -3*t + 7 = -17. Suppose -3*a = -a + t. Let b(x) = x - 3. Calculate b(a).
-7
Let k be (15/25)/(5/(-50)). Let o(x) = 2*x - 1. Give o(k).
-13
Let s(g) = -3*g + 9. Let q = 538 - 532. Determine s(q).
-9
Let u(c) be the second derivative of -3/2*c**2 - 1/12*c**4 + 0 - 18*c - 4/3*c**3. What is u(-8)?
-3
Suppose x + 2 = 4. Suppose 5*m - v - 26 = 0, -v = v + x. Let q(t) = 2 + 4*t + m - 8. Calculate q(-1).
-5
Let z = 37 - 32. Let j(f) = 3 + f - f**3 - 3 - z*f**2 - 5 + 8. What is j(-4)?
-17
Let k(i) = i**2 - i - 43. Suppose -2*r - 6 = -4*h, r + 29*h = 34*h - 18. Give k(r).
-1
Let d(c) = 4*c + 51. Let s(m) = 2*m + 19. Let a(f) = 4*d(f) - 9*s(f). Give a(19).
-5
Let q(w) = -38*w. Let j be (34/(-17))/(3 - 1). Determine q(j).
38
Let x(c) = -c - 4. Let g(u) = -2*u + 11. Let b be g(-9). Suppose 5 - b = 3*l. Determine x(l).
4
Let k = 2 + 1. Let g be (k - (-10)/(-4))*8. Suppose 2*h = 2*r, g*h + 0*r - 2*r - 4 = 0. Let p(c) = c + 1. What is p(h)?
3
Suppose a + 3*b = -b, 0 = -5*a + 5*b - 25. Let p(c) = 2*c**3 - c**2 - 2*c. Let y(j) = j**3 - 2*j**2 - j - 1. Let r(q) = -2*p(q) + 3*y(q). Give r(a).
-7
Let f(k) = -k**2 - 1. Let w(o) = 7*o**2 - 3*o + 3. Let g = -130 - -132. Suppose 0 = -u + 1 + 2, -5*z - 4*u = -17. Let m(y) = g*f(y) + z*w(y). Determine m(2).
15
Let u(m) be the first derivative of -m**4/12 + 3*m**2 + 2. Let b(a) be the second derivative of u(a). Let c = 27 + -23. What is b(c)?
-8
Let b be 1/2*0/(-2). Let h(v) = 3*v - 26. Let k(a) = -2*a + 18. Let s(m) = -5*h(m) - 7*k(m). Calculate s(b).
4
Let x(z) = -4*z**2 + 4*z**3 - z - 5 + 0 - 3*z**3. Let j(n) = -n**3 + n**2 + 12*n + 4. Let u be j(-3). Give x(u).
-9
Let i(k) = -22*k - 1 + 3*k + k**3 + 28*k + 8*k**2. Calculate i(-7).
-15
Let h(p) = 3 - 10 + p - 5 + 24. Let b = -44 - -62. Let a = -25 + b. Determine h(a).
5
Let h(k) = -44*k. Suppose -1 = -2*r + 4*b - 11, 3*r + 4*b - 15 = 0. Give h(r).
-44
Let c(i) = 2*i - 6. Let b be (12/(-7))/4 - (-76)/14. Determine c(b).
4
Let r(m) = 3*m**2 + m + 1. Let t = -89 + 87. Calculate r(t).
11
Let b(z) = 15*z - 29. Let q(l) = -6*l. Let o(p) = -b(p) - 3*q(p). Calculate o(-8).
5
Suppose i + 2*y + 11 = 0, 2*i - 14 = -0*y + 5*y. Let u(k) = k**2 + 7*k + 5. What is u(i)?
-7
Let u(z) be the second derivative of z**4/12 - 5*z**3/2 + 5*z**2/2 + 20*z + 4. What is u(13)?
-21
Suppose 2*y + 9*y = 209. Let a(z) = y*z - 20*z + 0*z + 2. What is a(5)?
-3
Let d(f) = f**3 + 4*f**2 - 3*f + 11. Let s be d(-5). Let m(y) be the second derivative of 0 + y - 1/6*y**3 + 0*y**2 - 1/3*y**4. Give m(s).
-5
Suppose 5*w - 13 + 28 = 0. Let a be 7 + (w - 0) + 1. Suppose -3*s - 30 = 5*t, -5*t - a*s + 3 = 23. Let y(n) = -n**2 - 10*n - 12. Give y(t).
-3
Suppose 4*p - 4*c = -p + 9, 5*p + 4*c - 41 = 0. Let y = 1 + p. Let g(d) = -1 + 0 - y*d**3 + 3*d**3 + 2*d**3 + 2*d. What is g(2)?
-5
Let x(p) = -p**2 + 7*p + 10. Suppose 0 = 4*j - 27*g + 24*g - 39, g - 